{"id":55943,"date":"2024-10-18T09:13:58","date_gmt":"2024-10-18T07:13:58","guid":{"rendered":"https:\/\/meestermokka.nl\/winkel\/product\/een-ongelooflijke-kerst\/"},"modified":"2026-03-17T22:51:14","modified_gmt":"2026-03-17T21:51:14","slug":"een-ongelooflijke-kerst","status":"publish","type":"product","link":"https:\/\/meestermokka.nl\/winkel\/product\/een-ongelooflijke-kerst\/","title":{"rendered":"Een ongelooflijke kerst"},"content":{"rendered":"<p>Als er \u00e9\u00e9n ding is waar No\u00eblle een hekel aan heeft, is het kerst. Al die verplichtingen, de zogenaamde gezelligheid met de familie en die vreselijke kerstliedjes die je maar blijven achtervolgen. Ze kijkt dan ook niet echt uit naar het jaarlijkse benefiet van de kerk waarbij ze verplicht moet helpen. Al helemaal niet als ze gedwongen wordt samen te<br \/>\nwerken met iemand met wie ze onlangs nog een aanvaring had. Hoe moet ze deze afschuwelijke decembermaand ooit doorkomen?<\/p>\n","protected":false},"excerpt":{"rendered":"<p>Als er \u00e9\u00e9n ding is waar No\u00eblle een hekel aan heeft, is het kerst. Al die verplichtingen, de zogenaamde gezelligheid<\/p>\n","protected":false},"featured_media":55941,"comment_status":"open","ping_status":"closed","template":"","meta":{"_acf_changed":false},"product_brand":[],"product_cat":[18,19,63],"product_tag":[],"class_list":{"0":"post-55943","1":"product","2":"type-product","3":"status-publish","4":"has-post-thumbnail","6":"product_cat-boeken","7":"product_cat-kinderboeken","8":"product_cat-kinderboeken-12","9":"product_shipping_class-pakket","11":"first","12":"instock","13":"taxable","14":"shipping-taxable","15":"purchasable","16":"product-type-simple"},"acf":{"auteur":false,"illustrator":false},"jetpack_sharing_enabled":true,"_links":{"self":[{"href":"https:\/\/meestermokka.nl\/winkel\/wp-json\/wp\/v2\/product\/55943","targetHints":{"allow":["GET"]}}],"collection":[{"href":"https:\/\/meestermokka.nl\/winkel\/wp-json\/wp\/v2\/product"}],"about":[{"href":"https:\/\/meestermokka.nl\/winkel\/wp-json\/wp\/v2\/types\/product"}],"replies":[{"embeddable":true,"href":"https:\/\/meestermokka.nl\/winkel\/wp-json\/wp\/v2\/comments?post=55943"}],"wp:featuredmedia":[{"embeddable":true,"href":"https:\/\/meestermokka.nl\/winkel\/wp-json\/wp\/v2\/media\/55941"}],"wp:attachment":[{"href":"https:\/\/meestermokka.nl\/winkel\/wp-json\/wp\/v2\/media?parent=55943"}],"wp:term":[{"taxonomy":"product_brand","embeddable":true,"href":"https:\/\/meestermokka.nl\/winkel\/wp-json\/wp\/v2\/product_brand?post=55943"},{"taxonomy":"product_cat","embeddable":true,"href":"https:\/\/meestermokka.nl\/winkel\/wp-json\/wp\/v2\/product_cat?post=55943"},{"taxonomy":"product_tag","embeddable":true,"href":"https:\/\/meestermokka.nl\/winkel\/wp-json\/wp\/v2\/product_tag?post=55943"}],"curies":[{"name":"wp","href":"https:\/\/api.w.org\/{rel}","templated":true}]}}