{"id":19264,"date":"2023-10-31T08:51:17","date_gmt":"2023-10-31T07:51:17","guid":{"rendered":"https:\/\/meestermokka.nl\/winkel\/product\/een-voor-jou-twee-voor-mij\/"},"modified":"2026-03-17T22:50:20","modified_gmt":"2026-03-17T21:50:20","slug":"een-voor-jou-twee-voor-mij","status":"publish","type":"product","link":"https:\/\/meestermokka.nl\/winkel\/product\/een-voor-jou-twee-voor-mij\/","title":{"rendered":"E\u00e9n voor jou, twee voor mij"},"content":{"rendered":"<p>&#8216;E\u00e9n voor jou, twee voor mij&#8217; van J\u00f6rg M\u00fchle is een fris en speels prentenboek over delen. Voor kinderen vanaf 3 jaar.<\/p>\n<p>In &#8216;E\u00e9n voor jou, twee voor mij&#8217; vindt Beer drie heerlijke paddenstoelen. Zijn vriend Wezel gooit ze meteen in de pan. Maar dan hebben de vrienden een probleem: drie paddenstoelen voor twee dieren, hoe moet dat nou?<\/p>\n<p>Zowel Beer als Wezel vindt dat hij recht heeft op twee paddenstoelen. Dan komt Vos aangeslopen en gaat er met een paddenstoel vandoor. Probleem opgelost! Ware het niet dat er ook nog een toetje is: drie aardbeien&#8230;<\/p>\n<p>De Duitse kinderboekenschrijver J\u00f6rg M\u00fchle is bekend van de immens populaire en lieve peuterboekjesserie &#8216;Nog even&#8230;&#8217;, over Klein Konijn. &#8216;E\u00e9n voor jou, twee voor mij&#8217; werd genomineerd voor de Deutscher Jugendliteraturpreis, en in Nederland won het de Sardes Leespluim en stond het in de Prentenboek Top 10.<\/p>\n","protected":false},"excerpt":{"rendered":"<p>&#8216;E\u00e9n voor jou, twee voor mij&#8217; van J\u00f6rg M\u00fchle is een fris en speels prentenboek over delen. Voor kinderen vanaf<\/p>\n","protected":false},"featured_media":46710,"comment_status":"open","ping_status":"closed","template":"","meta":{"_acf_changed":false},"product_brand":[],"product_cat":[18,19,65],"product_tag":[],"class_list":{"0":"post-19264","1":"product","2":"type-product","3":"status-publish","4":"has-post-thumbnail","6":"product_cat-boeken","7":"product_cat-kinderboeken","8":"product_cat-kinderboeken-2","9":"product_shipping_class-pakket","10":"pa_auteur-jorg-muhle","11":"pa_uitgever-gottmer-uitgevers-groep-b-v","13":"first","14":"instock","15":"taxable","16":"shipping-taxable","17":"purchasable","18":"product-type-simple"},"acf":{"auteur":[1875],"illustrator":false},"jetpack_sharing_enabled":true,"_links":{"self":[{"href":"https:\/\/meestermokka.nl\/winkel\/wp-json\/wp\/v2\/product\/19264","targetHints":{"allow":["GET"]}}],"collection":[{"href":"https:\/\/meestermokka.nl\/winkel\/wp-json\/wp\/v2\/product"}],"about":[{"href":"https:\/\/meestermokka.nl\/winkel\/wp-json\/wp\/v2\/types\/product"}],"replies":[{"embeddable":true,"href":"https:\/\/meestermokka.nl\/winkel\/wp-json\/wp\/v2\/comments?post=19264"}],"acf:term":[{"embeddable":true,"taxonomy":"pa_auteur","href":"https:\/\/meestermokka.nl\/winkel\/wp-json\/wp\/v2\/pa_auteur\/1875"}],"wp:featuredmedia":[{"embeddable":true,"href":"https:\/\/meestermokka.nl\/winkel\/wp-json\/wp\/v2\/media\/46710"}],"wp:attachment":[{"href":"https:\/\/meestermokka.nl\/winkel\/wp-json\/wp\/v2\/media?parent=19264"}],"wp:term":[{"taxonomy":"product_brand","embeddable":true,"href":"https:\/\/meestermokka.nl\/winkel\/wp-json\/wp\/v2\/product_brand?post=19264"},{"taxonomy":"product_cat","embeddable":true,"href":"https:\/\/meestermokka.nl\/winkel\/wp-json\/wp\/v2\/product_cat?post=19264"},{"taxonomy":"product_tag","embeddable":true,"href":"https:\/\/meestermokka.nl\/winkel\/wp-json\/wp\/v2\/product_tag?post=19264"}],"curies":[{"name":"wp","href":"https:\/\/api.w.org\/{rel}","templated":true}]}}