{"id":132488,"date":"2026-04-10T08:45:59","date_gmt":"2026-04-10T07:45:59","guid":{"rendered":"https:\/\/meestermokka.nl\/winkel\/product\/het-beste-van-het-beste\/"},"modified":"2026-04-10T08:45:59","modified_gmt":"2026-04-10T07:45:59","slug":"het-beste-van-het-beste","status":"publish","type":"product","link":"https:\/\/meestermokka.nl\/winkel\/product\/het-beste-van-het-beste\/","title":{"rendered":"Het beste van het beste"},"content":{"rendered":"<p>Een boek vol verhalen, rijmen en aanstekelijke liedjes voor iedereen die niet vies is van een strontvlieg, voor iedereen met en zonder rimpels, voor iedereen voor wie minder veel meer is. Want \u2018het beste van het beste\u2019 is voor iedereen weer anders. <\/p>\n<p>Met de stemmen van: Youp van \u2019t Hek, Jan Groenteman, Berget Lewis, Marc-Marie Huijbregts, Andr\u00e9 Kuipers, Laura Vlasblom, Aart Staartjes, Jim Bakkum, Marike Folles, Thomas Berge, Alex Klaasen, Andr\u00e9 van Duin, Lotte Lohr, Jenny Arean, Sita Vermeulen, Herman van Veen, Ferry Doedens, J\u00f6rgen Raymann en Gerda Havertong.<\/p>\n<p>Boekpresentatie tij dens het familiefestival Wortelpop op 15 juni! www.wortelpop.nl<\/p>\n","protected":false},"excerpt":{"rendered":"<p>Een boek vol verhalen, rijmen en aanstekelijke liedjes voor iedereen die niet vies is van een strontvlieg, voor iedereen met<\/p>\n","protected":false},"featured_media":132486,"comment_status":"open","ping_status":"closed","template":"","meta":{"_acf_changed":false},"product_brand":[],"product_cat":[18,19,67],"product_tag":[],"class_list":{"0":"post-132488","1":"product","2":"type-product","3":"status-publish","4":"has-post-thumbnail","6":"product_cat-boeken","7":"product_cat-kinderboeken","8":"product_cat-poezie","9":"product_shipping_class-pakket","10":"pa_auteur-mark-haayema","11":"pa_illustrator-tjarda-borsboom","12":"pa_uitgever-rubinstein-publishing-bv","14":"first","15":"instock","16":"taxable","17":"shipping-taxable","18":"purchasable","19":"product-type-simple"},"acf":{"auteur":[93],"illustrator":[14021]},"jetpack_sharing_enabled":true,"_links":{"self":[{"href":"https:\/\/meestermokka.nl\/winkel\/wp-json\/wp\/v2\/product\/132488","targetHints":{"allow":["GET"]}}],"collection":[{"href":"https:\/\/meestermokka.nl\/winkel\/wp-json\/wp\/v2\/product"}],"about":[{"href":"https:\/\/meestermokka.nl\/winkel\/wp-json\/wp\/v2\/types\/product"}],"replies":[{"embeddable":true,"href":"https:\/\/meestermokka.nl\/winkel\/wp-json\/wp\/v2\/comments?post=132488"}],"acf:term":[{"embeddable":true,"taxonomy":"pa_illustrator","href":"https:\/\/meestermokka.nl\/winkel\/wp-json\/wp\/v2\/pa_illustrator\/14021"},{"embeddable":true,"taxonomy":"pa_auteur","href":"https:\/\/meestermokka.nl\/winkel\/wp-json\/wp\/v2\/pa_auteur\/93"}],"wp:featuredmedia":[{"embeddable":true,"href":"https:\/\/meestermokka.nl\/winkel\/wp-json\/wp\/v2\/media\/132486"}],"wp:attachment":[{"href":"https:\/\/meestermokka.nl\/winkel\/wp-json\/wp\/v2\/media?parent=132488"}],"wp:term":[{"taxonomy":"product_brand","embeddable":true,"href":"https:\/\/meestermokka.nl\/winkel\/wp-json\/wp\/v2\/product_brand?post=132488"},{"taxonomy":"product_cat","embeddable":true,"href":"https:\/\/meestermokka.nl\/winkel\/wp-json\/wp\/v2\/product_cat?post=132488"},{"taxonomy":"product_tag","embeddable":true,"href":"https:\/\/meestermokka.nl\/winkel\/wp-json\/wp\/v2\/product_tag?post=132488"}],"curies":[{"name":"wp","href":"https:\/\/api.w.org\/{rel}","templated":true}]}}