{"id":12821,"date":"2023-04-24T10:48:23","date_gmt":"2023-04-24T08:48:23","guid":{"rendered":"https:\/\/meestermokka.nl\/winkel\/product\/spookpokken-de-jacht-op-morrigan-crow\/"},"modified":"2026-03-17T22:49:44","modified_gmt":"2026-03-17T21:49:44","slug":"spookpokken-de-jacht-op-morrigan-crow","status":"publish","type":"product","link":"https:\/\/meestermokka.nl\/winkel\/product\/spookpokken-de-jacht-op-morrigan-crow\/","title":{"rendered":"Spookpokken &#8211; De jacht op Morrigan Crow"},"content":{"rendered":"<p><em>Spookpokken \u2013 De jacht op Morrigan Crow<\/em> van Jessica Townsend is het derde deel van de bestsellerserie Nevermoor, die door de Griffeljury is bekroond met een Vlag en Wimpel.<\/p>\n<p>Morrigan Crow heeft het eerste jaar als leerling van het Wondergenootschap overleefd. Nu wacht haar een nieuwe uitdaging: het beheersen van haar Wondersmid-krachten. Ondertussen zijn veel Wondieren besmet met een virus die ze verandert in hersenloze, boosaardige wezens. Dit kan volgens de Nevermorianen het werk van maar \u00e9\u00e9n persoon zijn: Wondersmid Ezra Windbuil. Maar binnen de muren van de campus weet iedereen dat er n\u00f3g een Wondersmid is: Morrigan Crow. Ze moet nu een geneesmiddel tegen de Spookpokken zien te vinden om niet alleen Nevermoor, maar ook haar eigen leven te redden\u2026<\/p>\n<p>Over Nevermoor:<\/p>\n<p>\u2018Door de gedetailleerd uitgewerkte, zorgvuldig opgebouwde tovenaarswereld en door de fantastische karakters heeft Jessica Townsend in Nevermoor een geheel eigen en origineel universum geschapen.\u2019 Uit het juryrapport van de Griffeljury<\/p>\n<p>\u2018Een magisch leesavontuur dat je in een wervelwind uitleest.\u2019 Leesfeest.nl<\/p>\n","protected":false},"excerpt":{"rendered":"<p>Spookpokken \u2013 De jacht op Morrigan Crow van Jessica Townsend is het derde deel van de bestsellerserie Nevermoor, die door<\/p>\n","protected":false},"featured_media":24842,"comment_status":"open","ping_status":"closed","template":"","meta":{"_acf_changed":false},"product_brand":[],"product_cat":[18,19,51],"product_tag":[],"class_list":{"0":"post-12821","1":"product","2":"type-product","3":"status-publish","4":"has-post-thumbnail","6":"product_cat-boeken","7":"product_cat-kinderboeken","8":"product_cat-kinderboeken-10","9":"product_shipping_class-pakket","10":"pa_auteur-jessica-townsend","11":"pa_uitgever-luitingh-sijthoff-b-v-uitgeverij","13":"first","14":"instock","15":"taxable","16":"shipping-taxable","17":"purchasable","18":"product-type-simple"},"acf":{"auteur":[1003],"illustrator":false},"jetpack_sharing_enabled":true,"_links":{"self":[{"href":"https:\/\/meestermokka.nl\/winkel\/wp-json\/wp\/v2\/product\/12821","targetHints":{"allow":["GET"]}}],"collection":[{"href":"https:\/\/meestermokka.nl\/winkel\/wp-json\/wp\/v2\/product"}],"about":[{"href":"https:\/\/meestermokka.nl\/winkel\/wp-json\/wp\/v2\/types\/product"}],"replies":[{"embeddable":true,"href":"https:\/\/meestermokka.nl\/winkel\/wp-json\/wp\/v2\/comments?post=12821"}],"acf:term":[{"embeddable":true,"taxonomy":"pa_auteur","href":"https:\/\/meestermokka.nl\/winkel\/wp-json\/wp\/v2\/pa_auteur\/1003"}],"wp:featuredmedia":[{"embeddable":true,"href":"https:\/\/meestermokka.nl\/winkel\/wp-json\/wp\/v2\/media\/24842"}],"wp:attachment":[{"href":"https:\/\/meestermokka.nl\/winkel\/wp-json\/wp\/v2\/media?parent=12821"}],"wp:term":[{"taxonomy":"product_brand","embeddable":true,"href":"https:\/\/meestermokka.nl\/winkel\/wp-json\/wp\/v2\/product_brand?post=12821"},{"taxonomy":"product_cat","embeddable":true,"href":"https:\/\/meestermokka.nl\/winkel\/wp-json\/wp\/v2\/product_cat?post=12821"},{"taxonomy":"product_tag","embeddable":true,"href":"https:\/\/meestermokka.nl\/winkel\/wp-json\/wp\/v2\/product_tag?post=12821"}],"curies":[{"name":"wp","href":"https:\/\/api.w.org\/{rel}","templated":true}]}}