{"id":115928,"date":"2026-03-06T10:02:52","date_gmt":"2026-03-06T09:02:52","guid":{"rendered":"https:\/\/meestermokka.nl\/winkel\/product\/mus-bullet-journal\/"},"modified":"2026-03-17T22:54:05","modified_gmt":"2026-03-17T21:54:05","slug":"mus-bullet-journal","status":"publish","type":"product","link":"https:\/\/meestermokka.nl\/winkel\/product\/mus-bullet-journal\/","title":{"rendered":"MUS Bullet Journal"},"content":{"rendered":"<p>Dit bulletjournal van MUS is het perfecte notitieboek om al jouw afspraken, taken, plannen, wensen, to-dolijstjes, verjaardagen en nog v\u00e9\u00e9l meer op \u00e9\u00e9n plek en volgens jouw eigen systeem te verzamelen. Dit journal is speciaal ontwikkeld voor al jouw journalcreaties en is de absolute broedplaats voor je creatiefste momenten!<\/p>\n<p>\u2022 192 pages<br \/>\n\u2022 160 x 220 mm<br \/>\n\u2022 hardcover with rounded corners<br \/>\n\u2022 colored edges<br \/>\n\u2022 150 gsm Munken Polar paper<br \/>\n\u2022 numbered pages with dots<\/p>\n","protected":false},"excerpt":{"rendered":"<p>Dit bulletjournal van MUS is het perfecte notitieboek om al jouw afspraken, taken, plannen, wensen, to-dolijstjes, verjaardagen en nog v\u00e9\u00e9l<\/p>\n","protected":false},"featured_media":115926,"comment_status":"open","ping_status":"closed","template":"","meta":{"_acf_changed":false},"product_brand":[],"product_cat":[18,59,60],"product_tag":[],"class_list":{"0":"post-115928","1":"product","2":"type-product","3":"status-publish","4":"has-post-thumbnail","6":"product_cat-boeken","7":"product_cat-boeken-voor-grote-mensen","8":"product_cat-volwassenen","9":"product_shipping_class-pakket","11":"first","12":"instock","13":"taxable","14":"shipping-taxable","15":"purchasable","16":"product-type-simple"},"acf":{"auteur":false,"illustrator":false},"jetpack_sharing_enabled":true,"_links":{"self":[{"href":"https:\/\/meestermokka.nl\/winkel\/wp-json\/wp\/v2\/product\/115928","targetHints":{"allow":["GET"]}}],"collection":[{"href":"https:\/\/meestermokka.nl\/winkel\/wp-json\/wp\/v2\/product"}],"about":[{"href":"https:\/\/meestermokka.nl\/winkel\/wp-json\/wp\/v2\/types\/product"}],"replies":[{"embeddable":true,"href":"https:\/\/meestermokka.nl\/winkel\/wp-json\/wp\/v2\/comments?post=115928"}],"wp:featuredmedia":[{"embeddable":true,"href":"https:\/\/meestermokka.nl\/winkel\/wp-json\/wp\/v2\/media\/115926"}],"wp:attachment":[{"href":"https:\/\/meestermokka.nl\/winkel\/wp-json\/wp\/v2\/media?parent=115928"}],"wp:term":[{"taxonomy":"product_brand","embeddable":true,"href":"https:\/\/meestermokka.nl\/winkel\/wp-json\/wp\/v2\/product_brand?post=115928"},{"taxonomy":"product_cat","embeddable":true,"href":"https:\/\/meestermokka.nl\/winkel\/wp-json\/wp\/v2\/product_cat?post=115928"},{"taxonomy":"product_tag","embeddable":true,"href":"https:\/\/meestermokka.nl\/winkel\/wp-json\/wp\/v2\/product_tag?post=115928"}],"curies":[{"name":"wp","href":"https:\/\/api.w.org\/{rel}","templated":true}]}}