{"id":112142,"date":"2026-02-13T23:20:44","date_gmt":"2026-02-13T22:20:44","guid":{"rendered":"https:\/\/meestermokka.nl\/winkel\/product\/sjakie-en-de-kerstfabriek-en-andere-verhalen\/"},"modified":"2026-03-17T22:53:38","modified_gmt":"2026-03-17T21:53:38","slug":"sjakie-en-de-kerstfabriek-en-andere-verhalen","status":"publish","type":"product","link":"https:\/\/meestermokka.nl\/winkel\/product\/sjakie-en-de-kerstfabriek-en-andere-verhalen\/","title":{"rendered":"Sjakie en de kerstfabriek en andere verhalen"},"content":{"rendered":"<p>Sjakie Stevens viert kerst in de chocoladefabriek. Maar de komst van een oude vriend en een horde onbevreesde elfjes belooft alleen maar vrolijke chaos!<\/p>\n<p>Matilda hoopt dat ze niet op de lijst van stoute kindertjes terechtkomt, maar altijd lief zijn is erg moeilijk.<\/p>\n<p>De GVR en Sofie willen de meeste fritselfijne kerstdroom ooit maken. Maar daarvoor missen ze nog precies \u00e9\u00e9n ingredi\u00ebnt&#8230;<\/p>\n<p>Deze fantastische kerstbundel bevat 12 gloednieuwe magische en grappige verhalen, ge\u00efnspireerd op de werelden en personages van Roald Dahl.<\/p>\n<p>Ge\u00efllustreerd door Rikin Parekh.<\/p>\n<p>Geschreven door Adam Hills, Adam Kay, Ben Bailey Smith, Elle McNicoll, Greg James &amp; Chris Smith, Hannah Gold, Kannis Huq, Nadia Shireen, Nathan Byron, Pamela Butchart, Sally Rippin en Sib\u00e9al Pounder.<\/p>\n","protected":false},"excerpt":{"rendered":"<p>Sjakie Stevens viert kerst in de chocoladefabriek. Maar de komst van een oude vriend en een horde onbevreesde elfjes belooft<\/p>\n","protected":false},"featured_media":112140,"comment_status":"open","ping_status":"closed","template":"","meta":{"_acf_changed":false},"product_brand":[],"product_cat":[18,19,71],"product_tag":[],"class_list":{"0":"post-112142","1":"product","2":"type-product","3":"status-publish","4":"has-post-thumbnail","6":"product_cat-boeken","7":"product_cat-kinderboeken","8":"product_cat-kinderboeken-8","9":"product_shipping_class-pakket","11":"first","12":"instock","13":"taxable","14":"shipping-taxable","15":"purchasable","16":"product-type-simple"},"acf":{"auteur":false,"illustrator":false},"jetpack_sharing_enabled":true,"_links":{"self":[{"href":"https:\/\/meestermokka.nl\/winkel\/wp-json\/wp\/v2\/product\/112142","targetHints":{"allow":["GET"]}}],"collection":[{"href":"https:\/\/meestermokka.nl\/winkel\/wp-json\/wp\/v2\/product"}],"about":[{"href":"https:\/\/meestermokka.nl\/winkel\/wp-json\/wp\/v2\/types\/product"}],"replies":[{"embeddable":true,"href":"https:\/\/meestermokka.nl\/winkel\/wp-json\/wp\/v2\/comments?post=112142"}],"wp:featuredmedia":[{"embeddable":true,"href":"https:\/\/meestermokka.nl\/winkel\/wp-json\/wp\/v2\/media\/112140"}],"wp:attachment":[{"href":"https:\/\/meestermokka.nl\/winkel\/wp-json\/wp\/v2\/media?parent=112142"}],"wp:term":[{"taxonomy":"product_brand","embeddable":true,"href":"https:\/\/meestermokka.nl\/winkel\/wp-json\/wp\/v2\/product_brand?post=112142"},{"taxonomy":"product_cat","embeddable":true,"href":"https:\/\/meestermokka.nl\/winkel\/wp-json\/wp\/v2\/product_cat?post=112142"},{"taxonomy":"product_tag","embeddable":true,"href":"https:\/\/meestermokka.nl\/winkel\/wp-json\/wp\/v2\/product_tag?post=112142"}],"curies":[{"name":"wp","href":"https:\/\/api.w.org\/{rel}","templated":true}]}}